267 a composite number?
True
Is 8467 a prime number?
True
Is 20077 composite?
True
Is 3007 composite?
True
Is 138283 a prime number?
True
Is 69691 composite?
False
Is 36967 prime?
False
Is 4835 a prime number?
False
Is 27929 prime?
False
Is 37577 composite?
True
Is 27129 a prime number?
False
Is 77986 composite?
True
Is 230119 prime?
False
Is 25903 composite?
False
Is 2333 a composite number?
False
Is 61507 a prime number?
True
Is 4335949 a prime number?
True
Is 22241 composite?
True
Is 106487 a prime number?
True
Is 445141 prime?
True
Is 3047953 prime?
True
Is 4265 composite?
True
Is 225679 prime?
False
Is 84173 a prime number?
False
Is 80141 composite?
False
Is 4547 composite?
False
Is 891481 prime?
True
Is 251 composite?
False
Is 639983 a composite number?
False
Is 104491 a composite number?
False
Is 26231 composite?
True
Is 1717 a composite number?
True
Is 489011 a prime number?
True
Is 19821 composite?
True
Is 9091 a prime number?
True
Is 63197 composite?
False
Is 73195 a prime number?
False
Is 56059 a composite number?
True
Is 13087 composite?
True
Is 6007 a prime number?
True
Is 148327 a composite number?
True
Is 176153 a composite number?
False
Is 3407 composite?
False
Is 4703 prime?
True
Is 286367 a composite number?
False
Is 14437 prime?
True
Is 31693 a prime number?
False
Is 54347 prime?
True
Is 667 prime?
False
Is 18947 composite?
False
Is 4895797 a prime number?
True
Is 39779 a composite number?
False
Is 93363 prime?
False
Is 1060193 a composite number?
True
Is 12091 a prime number?
False
Is 14513 a prime number?
False
Is 55147 a composite number?
False
Is 209707 prime?
True
Is 104018 composite?
True
Is 134837 composite?
False
Is 4486 a prime number?
False
Is 40813 prime?
True
Is 150191 composite?
True
Is 5331 prime?
False
Is 506773 prime?
True
Is 202513 prime?
False
Is 3049 a prime number?
True
Is 5774 prime?
False
Is 998 a prime number?
False
Is 54787 a prime number?
True
Is 507779 composite?
False
Is 141209 composite?
False
Is 8861 composite?
False
Is 19001 a composite number?
False
Is 44861 prime?
False
Is 40453 composite?
True
Is 2775299 prime?
True
Is 8843 prime?
False
Is 53231 a composite number?
False
Is 4861 prime?
True
Is 846159 a prime number?
False
Is 251663 prime?
True
Is 130495 composite?
True
Is 11467 a prime number?
True
Is 101765 a composite number?
True
Is 3737 a composite number?
True
Is 31741 prime?
True
Is 774403 a composite number?
True
Is 48221 composite?
False
Is 1682447 a composite number?
True
Is 15559 composite?
False
Is 98357 a prime number?
False
Is 17957 prime?
True
Is 769243 composite?
False
Is 1059 a prime number?
False
Is 57979 prime?
False
Is 26561 prime?
True
Is 1243 composite?
True
Is 276911 prime?
False
Is 118367 a prime number?
False
Is 5003 a composite number?
False
Is 11863 composite?
False
Is 6503 a composite number?
True
Is 3863 a prime number?
True
Is 72737 a composite number?
True
Is 1678109 a prime number?
False
Is 399601 prime?
True
Is 612439 a prime number?
True
Is 24557 a composite number?
True
Is 46457 a prime number?
True
Is 855163 composite?
True
Is 202817 composite?
False
Is 102317 a prime number?
True
Is 146273 a composite number?
False
Is 68963 a composite number?
False
Is 337929 composite?
True
Is 74197 a composite number?
False
Is 8803 composite?
False
Is 110059 composite?
False
Is 135389 a composite number?
False
Is 331447 a prime number?
True
Is 79783 a composite number?
True
Is 304841 composite?
True
Is 23189 a prime number?
True
Is 1439 prime?
True
Is 513239 prime?
True
Is 20749 a composite number?
False
Is 14047 prime?
False
Is 15787 composite?
False
Is 8009 a prime number?
True
Is 559 a composite number?
True
Is 282499 a composite number?
True
Is 4829 prime?
False
Is 448367 a composite number?
False
Is 2567 a composite number?
True
Is 16811 prime?
True
Is 305069 prime?
True
Is 253959 a prime number?
False
Is 65774 a prime number?
False
Is 385453 composite?
True
Is 71561 composite?
True
Is 6219989 composite?
False
Is 21871 a composite number?
False
Is 10061 composite?
False
Is 680674 composite?
True
Is 930443 composite?
True
Is 508549 prime?
True
Is 148978 a composite number?
True
Is 1238459 prime?
True
Is 110641 composite?
False
Is 553207 composite?
False
Is 1126271 prime?
False
Is 1657 a composite number?
False
Is 21557 a composite number?
False
Is 48641 a composite number?
True
Is 4177 a prime number?
True
Is 21313 a composite number?
False
Is 3457 a composite number?
False
Is 2113907 a composite number?
True
Is 225949 composite?
False
Is 12989 a composite number?
True
Is 37319 prime?
False
Is 834433 a composite number?
False
Is 17129 a composite number?
True
Is 557 prime?
True
Is 2237 a composite number?
False
Is 2798 composite?
True
Is 77131 prime?
False
Is 25819 composite?
False
Is 195659 composite?
False
Is 76231 prime?
True
Is 156307 a composite number?
False
Is 145943 composite?
True
Is 2449 prime?
False
Is 3899 a prime number?
False
Is 2317 composite?
True
Is 44567 a composite number?
True
Is 7451 composite?
False
Is 2045881 composite?
False
Is 1559 a composite number?
False
Is 381 prime?
False
Is 55493 prime?
False
Is 27977 a composite number?
True
Is 5639 a composite number?
False
Is 2069329 a composite number?
False
Is 11659 prime?
False
Is 2889637 prime?
True
Is 242371 a composite number?
False
Is 45911 composite?
True
Is 17539 prime?
True
Is 6126821 a composite number?
False
Is 25111 composite?
False
Is 358327 a composite number?
False
Is 59 a prime number?
True
Is 15055 prime?
False
Is 12991 a prime number?
False
Is 33961 composite?
False
Is 11621 a prime number?
True
Is 1226 prime?
False
Is 2147 prime?
False
Is 89197 a prime number?
False
Is 2326 a prime number?
False
Is 21137 prime?
False
Is 29297 a prime number?
True
Is 4729 prime?
True
Is 92459 prime?
True
Is 158623 composite?
True
Is 134747 a composite number?
True
Is 27847 a composite number?
False
Is 127615 a composite number?
True
Is 15253 prime?
False
Is 4034 a prime number?
False
Is 55243 composite?
False
Is 20249 a composite number?
False
Is 156903 a prime number?
False
Is 4871 a prime number?
True
Is 122329 a prime number?
False
Is 51434 a prime number?
False
Is 257 composite?
False
Is 1259 a prime number?
True
Is 69241 a prime number?
False
Is 4265 composite?
True
Is 6999 a composite number?
True
Is 4126 a prime number?
False
Is 92291 a composite number?
True
Is 11579 composite?
False
Is 30389 a composite number?
False
Is 314761 a prime number?
True
Is 27767 a prime number?
True
Is 1643507 a composite number?
True
Is 10522 a composite number?
True
Is 766 a composite number?
True
Is 4679 prime?
True
Is 452597 a composite number?
False
Is 38251 composite?
True
Is 987755 composite?
True
Is 1337 a composite number?
True
Is 11311 a prime number?
True
Is 271393 a composite number?
False
Is 43819 a composite number?
True
Is 13217 a composite number?
False
Is 74641 composite?
True
Is 340169 a composite number?
False
Is 339 a composite number?
True
Is 2726179 composite?
False
Is 26879 a composite number?
False
Is 755959 composite?
False
Is 44449 a prime number?
True
Is 212411 composite?
False
Is 308291 a composite number?
False
Is 2376841 a prime number?
True
Is 1546189 prime?
True
Is 43391 composite?
False
Is 6457 a prime number?
False
Is 6377 a prime number?
False
Is 22171 composite?
False
Is 40031 a prime number?
True
Is 13963 a prime number?
True
Is 322094 a prime number?
False
Is 1507303 composite?
True
Is 75967 prime?
True
Is 566911 composite?
False
Is 631 a composite number?
False
Is 2361 composite?
True
Is 902191 composite?
False
Is 224221 composite?
False
Is 509477 a composite number?
False
Is 2707 prime?
True
Is 198173 a composite number?
False
Is 10383 a composite number?
True
Is 131 prime?
True
Is 1131341 a prime number?
True
Is 66821 a composite number?
False
Is 2417797 composite?
False
Is 12451 prime?
True
Is 31009 composite?
True
Is 36827 a prime number?
False
Is 6463 composite?
True
Is 15187 prime?
True
Is 9277 a prime number?
True
Is 24253 a composite number?
True
Is 706001 a composite number?
False
Is 27647 composite?
False
Is 313499 composite?
True
Is 26131 prime?
False
Is 16519 prime?
True
Is 31474 prime?
False
Is 32987 composite?
False
Is 9754 a composite number?
True
Is 1944